{"id":8,"date":"2024-11-19T15:46:56","date_gmt":"2024-11-19T18:46:56","guid":{"rendered":"https:\/\/demosites.royal-elementor-addons.com\/plumbing-v1\/?page_id=8"},"modified":"2026-01-20T08:46:13","modified_gmt":"2026-01-20T11:46:13","slug":"quem-somos","status":"publish","type":"page","link":"https:\/\/soluthom.com.br\/index.php\/quem-somos\/","title":{"rendered":"Quem Somos"},"content":{"rendered":"\t\t<div data-elementor-type=\"wp-page\" data-elementor-id=\"8\" class=\"elementor elementor-8\">\n\t\t\t\t<div class=\"elementor-element elementor-element-c46a941 e-flex e-con-boxed wpr-particle-no wpr-jarallax-no wpr-parallax-no wpr-sticky-section-no e-con e-parent\" data-id=\"c46a941\" data-element_type=\"container\" data-settings=\"{&quot;background_background&quot;:&quot;classic&quot;}\">\n\t\t\t\t\t<div class=\"e-con-inner\">\n\t\t<div class=\"elementor-element elementor-element-8b6621b e-con-full e-flex wpr-particle-no wpr-jarallax-no wpr-parallax-no wpr-sticky-section-no e-con e-child\" data-id=\"8b6621b\" data-element_type=\"container\">\n\t\t\t\t<div class=\"elementor-element elementor-element-0ee3888 elementor-widget elementor-widget-heading\" data-id=\"0ee3888\" data-element_type=\"widget\" data-widget_type=\"heading.default\">\n\t\t\t\t\t<h1 class=\"elementor-heading-title elementor-size-default\">Quem Somos<\/h1>\t\t\t\t<\/div>\n\t\t\t\t<div class=\"elementor-element elementor-element-fbdfdaf elementor-widget-divider--separator-type-pattern elementor-widget-divider--view-line elementor-widget elementor-widget-divider\" data-id=\"fbdfdaf\" data-element_type=\"widget\" data-widget_type=\"divider.default\">\n\t\t\t\t\t\t\t<div class=\"elementor-divider\" style=\"--divider-pattern-url: url(&quot;data:image\/svg+xml,%3Csvg xmlns=&#039;http:\/\/www.w3.org\/2000\/svg&#039; preserveAspectRatio=&#039;none&#039; overflow=&#039;visible&#039; height=&#039;100%&#039; viewBox=&#039;0 0 20 16&#039; fill=&#039;none&#039; stroke=&#039;black&#039; stroke-width=&#039;2&#039; stroke-linecap=&#039;square&#039; stroke-miterlimit=&#039;10&#039;%3E%3Cg transform=&#039;translate(-12.000000, 0)&#039;%3E%3Cpath d=&#039;M28,0L10,18&#039;\/%3E%3Cpath d=&#039;M18,0L0,18&#039;\/%3E%3Cpath d=&#039;M48,0L30,18&#039;\/%3E%3Cpath d=&#039;M38,0L20,18&#039;\/%3E%3C\/g%3E%3C\/svg%3E&quot;);\">\n\t\t\t<span class=\"elementor-divider-separator\">\n\t\t\t\t\t\t<\/span>\n\t\t<\/div>\n\t\t\t\t\t\t<\/div>\n\t\t\t\t<div class=\"elementor-element elementor-element-05988fe elementor-widget elementor-widget-text-editor\" data-id=\"05988fe\" data-element_type=\"widget\" data-widget_type=\"text-editor.default\">\n\t\t\t\t\t\t\t\t\t<p>A Soluthom est\u00e1 presente em empreendimentos de m\u00e9dio e grande portes por todo o estado com os melhores produtos para constru\u00e7\u00e3o civil<\/p>\t\t\t\t\t\t\t\t<\/div>\n\t\t\t\t<\/div>\n\t\t\t\t\t<\/div>\n\t\t\t\t<\/div>\n\t\t<div class=\"elementor-element elementor-element-d289526 e-flex e-con-boxed wpr-particle-no wpr-jarallax-no wpr-parallax-no wpr-sticky-section-no e-con e-parent\" data-id=\"d289526\" data-element_type=\"container\">\n\t\t\t\t\t<div class=\"e-con-inner\">\n\t\t<div class=\"elementor-element elementor-element-6c84fa4 e-con-full elementor-hidden-tablet e-flex wpr-particle-no wpr-jarallax-no wpr-parallax-no wpr-sticky-section-no e-con e-child\" data-id=\"6c84fa4\" data-element_type=\"container\">\n\t\t\t\t<div class=\"elementor-element elementor-element-5fe285c elementor-invisible elementor-widget elementor-widget-image\" data-id=\"5fe285c\" data-element_type=\"widget\" data-settings=\"{&quot;_animation&quot;:&quot;fadeIn&quot;}\" data-widget_type=\"image.default\">\n\t\t\t\t\t\t\t\t\t\t\t\t\t\t\t<img fetchpriority=\"high\" decoding=\"async\" width=\"900\" height=\"785\" src=\"https:\/\/soluthom.com.br\/wp-content\/uploads\/2026\/01\/quem1.jpg\" class=\"attachment-full size-full wp-image-1072\" alt=\"\" srcset=\"https:\/\/soluthom.com.br\/wp-content\/uploads\/2026\/01\/quem1.jpg 900w, https:\/\/soluthom.com.br\/wp-content\/uploads\/2026\/01\/quem1-300x262.jpg 300w, https:\/\/soluthom.com.br\/wp-content\/uploads\/2026\/01\/quem1-768x670.jpg 768w\" sizes=\"(max-width: 900px) 100vw, 900px\" \/>\t\t\t\t\t\t\t\t\t\t\t\t\t\t\t<\/div>\n\t\t\t\t<\/div>\n\t\t<div class=\"elementor-element elementor-element-3f15761 e-con-full e-flex wpr-particle-no wpr-jarallax-no wpr-parallax-no wpr-sticky-section-no elementor-invisible e-con e-child\" data-id=\"3f15761\" data-element_type=\"container\" data-settings=\"{&quot;animation&quot;:&quot;slideInRight&quot;}\">\n\t\t\t\t<div class=\"elementor-element elementor-element-5368246 elementor-widget elementor-widget-heading\" data-id=\"5368246\" data-element_type=\"widget\" data-widget_type=\"heading.default\">\n\t\t\t\t\t<h2 class=\"elementor-heading-title elementor-size-default\">+30 ANOS DE EXPERI\u00caNCIA<\/h2>\t\t\t\t<\/div>\n\t\t\t\t<div class=\"elementor-element elementor-element-4e21024 elementor-widget elementor-widget-heading\" data-id=\"4e21024\" data-element_type=\"widget\" data-widget_type=\"heading.default\">\n\t\t\t\t\t<h2 class=\"elementor-heading-title elementor-size-default\">A SOLUTHOM<\/h2>\t\t\t\t<\/div>\n\t\t\t\t<div class=\"elementor-element elementor-element-0cbb6c2 elementor-widget elementor-widget-text-editor\" data-id=\"0cbb6c2\" data-element_type=\"widget\" data-widget_type=\"text-editor.default\">\n\t\t\t\t\t\t\t\t\t<div dir=\"auto\">A Soluthom surgiu em 2012, e longo dos anos, consolidou<\/div><div dir=\"auto\">sua atua\u00e7\u00e3o na Regi\u00e3o Sul, ampliando continuamente o<\/div><div dir=\"auto\">portf\u00f3lio de produtos e servi\u00e7os com a representa\u00e7\u00e3o de<\/div><div dir=\"auto\">marcas de excel\u00eancia como Prellog, MB, Pir\u00e2mide e<\/div><div dir=\"auto\">Poolmak.<\/div><div dir=\"auto\">\u00a0<\/div><div dir=\"auto\">A Soluthom atende empreendimentos de m\u00e9dio e grande<\/div><div dir=\"auto\">portes com os melhores produtos para constru\u00e7\u00e3o civil,<\/div><div dir=\"auto\">atendendo aos mais exigentes padr\u00f5es de qualidade e<\/div><div dir=\"auto\">sustentabilidade atrav\u00e9s de sistemas construtivos<\/div><div dir=\"auto\">industrializados.<\/div>\t\t\t\t\t\t\t\t<\/div>\n\t\t\t\t<\/div>\n\t\t\t\t\t<\/div>\n\t\t\t\t<\/div>\n\t\t<div class=\"elementor-element elementor-element-e80d267 e-flex e-con-boxed wpr-particle-no wpr-jarallax-no wpr-parallax-no wpr-sticky-section-no e-con e-parent\" data-id=\"e80d267\" data-element_type=\"container\">\n\t\t\t\t\t<div class=\"e-con-inner\">\n\t\t\t\t<div class=\"elementor-element elementor-element-6418c3a elementor-widget elementor-widget-spacer\" data-id=\"6418c3a\" data-element_type=\"widget\" data-widget_type=\"spacer.default\">\n\t\t\t\t\t\t\t<div class=\"elementor-spacer\">\n\t\t\t<div class=\"elementor-spacer-inner\"><\/div>\n\t\t<\/div>\n\t\t\t\t\t\t<\/div>\n\t\t\t\t\t<\/div>\n\t\t\t\t<\/div>\n\t\t<div class=\"elementor-element elementor-element-4fb204f e-flex e-con-boxed wpr-particle-no wpr-jarallax-no wpr-parallax-no wpr-sticky-section-no e-con e-parent\" data-id=\"4fb204f\" data-element_type=\"container\" data-settings=\"{&quot;background_background&quot;:&quot;classic&quot;}\">\n\t\t\t\t\t<div class=\"e-con-inner\">\n\t\t<div class=\"elementor-element elementor-element-7e4f5b0 e-con-full e-flex wpr-particle-no wpr-jarallax-no wpr-parallax-no wpr-sticky-section-no elementor-invisible e-con e-child\" data-id=\"7e4f5b0\" data-element_type=\"container\" data-settings=\"{&quot;background_background&quot;:&quot;classic&quot;,&quot;animation&quot;:&quot;zoomIn&quot;}\">\n\t\t\t\t<div class=\"elementor-element elementor-element-a2bcad4 elementor-widget elementor-widget-heading\" data-id=\"a2bcad4\" data-element_type=\"widget\" data-widget_type=\"heading.default\">\n\t\t\t\t\t<h2 class=\"elementor-heading-title elementor-size-default\">Segmentos Atendidos<\/h2>\t\t\t\t<\/div>\n\t\t\t\t<div class=\"elementor-element elementor-element-91722cf elementor-widget elementor-widget-text-editor\" data-id=\"91722cf\" data-element_type=\"widget\" data-widget_type=\"text-editor.default\">\n\t\t\t\t\t\t\t\t\t<p>Temos um hist\u00f3rico de atendimentos em empreendimentos de m\u00e9dio em grande portes nos segmentos de Ind\u00fastrias, Supermercados, Construtoras, Shoppings e Parkings.<\/p><p>Estacas pr\u00e9 moldadas protendidas; Aduelas de concreto; Lajes alveolares; Blocos de concreto; Pavimento intertravado (paver); Lanternins e venezianas; Domus de policarbonato; Logblock; Blocos arquitet\u00f4nicos; MB Smart.<\/p>\t\t\t\t\t\t\t\t<\/div>\n\t\t\t\t<div class=\"elementor-element elementor-element-59eaa27 wpr-button-icon-style-inline wpr-button-icon-position-right elementor-widget elementor-widget-wpr-button\" data-id=\"59eaa27\" data-element_type=\"widget\" data-widget_type=\"wpr-button.default\">\n\t\t\t\t\t\t\n\t\t\t\n\t\t\n\t\t<div class=\"wpr-button-wrap elementor-clearfix\">\n\t\t<a class=\"wpr-button wpr-button-effect wpr-button-none\" data-text=\"\" href=\"https:\/\/soluthom.com.br\/index.php\/servicos\/\">\n\t\t\t\n\t\t\t<span class=\"wpr-button-content\">\n\t\t\t\t\t\t\t\t\t<span class=\"wpr-button-text\">Nossos Servi\u00e7os<\/span>\n\t\t\t\t\t\t\t\t\n\t\t\t\t\t\t\t<\/span>\n\t\t<\/a>\n\n\t\t\t\t<\/div>\n\t\n\t\n\t\t\t\t\t<\/div>\n\t\t\t\t<\/div>\n\t\t<div class=\"elementor-element elementor-element-3483ac0 e-flex e-con-boxed wpr-particle-no wpr-jarallax-no wpr-parallax-no wpr-sticky-section-no e-con e-child\" data-id=\"3483ac0\" data-element_type=\"container\">\n\t\t\t\t\t<div class=\"e-con-inner\">\n\t\t\t\t\t<\/div>\n\t\t\t\t<\/div>\n\t\t\t\t\t<\/div>\n\t\t\t\t<\/div>\n\t\t<div class=\"elementor-element elementor-element-afd1468 e-flex e-con-boxed wpr-particle-no wpr-jarallax-no wpr-parallax-no wpr-sticky-section-no e-con e-parent\" data-id=\"afd1468\" data-element_type=\"container\">\n\t\t\t\t\t<div class=\"e-con-inner\">\n\t\t\t\t<div class=\"elementor-element elementor-element-928cfee elementor-widget elementor-widget-spacer\" data-id=\"928cfee\" data-element_type=\"widget\" data-widget_type=\"spacer.default\">\n\t\t\t\t\t\t\t<div class=\"elementor-spacer\">\n\t\t\t<div class=\"elementor-spacer-inner\"><\/div>\n\t\t<\/div>\n\t\t\t\t\t\t<\/div>\n\t\t\t\t\t<\/div>\n\t\t\t\t<\/div>\n\t\t<div class=\"elementor-element elementor-element-b81e532 e-flex e-con-boxed wpr-particle-no wpr-jarallax-no wpr-parallax-no wpr-sticky-section-no e-con e-parent\" data-id=\"b81e532\" data-element_type=\"container\" data-settings=\"{&quot;background_background&quot;:&quot;classic&quot;}\">\n\t\t\t\t\t<div class=\"e-con-inner\">\n\t\t<div class=\"elementor-element elementor-element-c8dc16c e-flex e-con-boxed wpr-particle-no wpr-jarallax-no wpr-parallax-no wpr-sticky-section-no elementor-invisible e-con e-child\" data-id=\"c8dc16c\" data-element_type=\"container\" data-settings=\"{&quot;animation&quot;:&quot;zoomIn&quot;}\">\n\t\t\t\t\t<div class=\"e-con-inner\">\n\t\t\t\t<div class=\"elementor-element elementor-element-1fe600f elementor-widget elementor-widget-heading\" data-id=\"1fe600f\" data-element_type=\"widget\" data-widget_type=\"heading.default\">\n\t\t\t\t\t<h2 class=\"elementor-heading-title elementor-size-default\">Temos as solu\u00e7\u00f5es<\/h2>\t\t\t\t<\/div>\n\t\t\t\t<div class=\"elementor-element elementor-element-6c36f48 elementor-widget elementor-widget-text-editor\" data-id=\"6c36f48\" data-element_type=\"widget\" data-widget_type=\"text-editor.default\">\n\t\t\t\t\t\t\t\t\t<p>Nosso escrit\u00f3rio est\u00e1 localizado em Florian\u00f3polis, mas atuamos em v\u00e1rias regi\u00f5es. Entre em contato conosco e veja como podemos ajudar a sua obra!<\/p>\t\t\t\t\t\t\t\t<\/div>\n\t\t\t\t\t<\/div>\n\t\t\t\t<\/div>\n\t\t<div class=\"elementor-element elementor-element-eab356a e-flex e-con-boxed wpr-particle-no wpr-jarallax-no wpr-parallax-no wpr-sticky-section-no e-con e-child\" data-id=\"eab356a\" data-element_type=\"container\">\n\t\t\t\t\t<div class=\"e-con-inner\">\n\t\t\t\t<div class=\"elementor-element elementor-element-55eb8fe elementor-widget elementor-widget-image\" data-id=\"55eb8fe\" data-element_type=\"widget\" data-widget_type=\"image.default\">\n\t\t\t\t\t\t\t\t\t\t\t\t\t\t\t<img decoding=\"async\" width=\"577\" height=\"700\" src=\"https:\/\/soluthom.com.br\/wp-content\/uploads\/2026\/01\/eng.png\" class=\"attachment-full size-full wp-image-1076\" alt=\"\" srcset=\"https:\/\/soluthom.com.br\/wp-content\/uploads\/2026\/01\/eng.png 577w, https:\/\/soluthom.com.br\/wp-content\/uploads\/2026\/01\/eng-247x300.png 247w\" sizes=\"(max-width: 577px) 100vw, 577px\" \/>\t\t\t\t\t\t\t\t\t\t\t\t\t\t\t<\/div>\n\t\t\t\t\t<\/div>\n\t\t\t\t<\/div>\n\t\t\t\t\t<\/div>\n\t\t\t\t<\/div>\n\t\t\t\t<\/div>\n\t\t","protected":false},"excerpt":{"rendered":"<p>Quem Somos A Soluthom est\u00e1 presente em empreendimentos de m\u00e9dio e grande portes por todo o estado com os melhores produtos para constru\u00e7\u00e3o civil +30 ANOS DE EXPERI\u00caNCIA A SOLUTHOM A Soluthom surgiu em 2012, e longo dos anos, consolidousua atua\u00e7\u00e3o na Regi\u00e3o Sul, ampliando continuamente oportf\u00f3lio de produtos e servi\u00e7os com a representa\u00e7\u00e3o demarcas de excel\u00eancia como Prellog, MB, Pir\u00e2mide ePoolmak.\u00a0A Soluthom atende empreendimentos de m\u00e9dio e grandeportes com os melhores produtos para constru\u00e7\u00e3o civil,atendendo aos mais exigentes padr\u00f5es de qualidade esustentabilidade atrav\u00e9s de sistemas construtivosindustrializados. Segmentos Atendidos Temos um hist\u00f3rico de atendimentos em empreendimentos de m\u00e9dio em grande portes nos segmentos de Ind\u00fastrias, Supermercados, Construtoras, Shoppings e Parkings. Estacas pr\u00e9 moldadas protendidas; Aduelas de concreto; Lajes alveolares; Blocos de concreto; Pavimento intertravado (paver); Lanternins e venezianas; Domus de policarbonato; Logblock; Blocos arquitet\u00f4nicos; MB Smart. Nossos Servi\u00e7os Temos as solu\u00e7\u00f5es Nosso escrit\u00f3rio est\u00e1 localizado em Florian\u00f3polis, mas atuamos em v\u00e1rias regi\u00f5es. Entre em contato conosco e veja como podemos ajudar a sua obra!<\/p>\n","protected":false},"author":1,"featured_media":0,"parent":0,"menu_order":0,"comment_status":"closed","ping_status":"closed","template":"elementor_canvas","meta":{"footnotes":""},"class_list":["post-8","page","type-page","status-publish","hentry"],"_links":{"self":[{"href":"https:\/\/soluthom.com.br\/index.php\/wp-json\/wp\/v2\/pages\/8","targetHints":{"allow":["GET"]}}],"collection":[{"href":"https:\/\/soluthom.com.br\/index.php\/wp-json\/wp\/v2\/pages"}],"about":[{"href":"https:\/\/soluthom.com.br\/index.php\/wp-json\/wp\/v2\/types\/page"}],"author":[{"embeddable":true,"href":"https:\/\/soluthom.com.br\/index.php\/wp-json\/wp\/v2\/users\/1"}],"replies":[{"embeddable":true,"href":"https:\/\/soluthom.com.br\/index.php\/wp-json\/wp\/v2\/comments?post=8"}],"version-history":[{"count":34,"href":"https:\/\/soluthom.com.br\/index.php\/wp-json\/wp\/v2\/pages\/8\/revisions"}],"predecessor-version":[{"id":1241,"href":"https:\/\/soluthom.com.br\/index.php\/wp-json\/wp\/v2\/pages\/8\/revisions\/1241"}],"wp:attachment":[{"href":"https:\/\/soluthom.com.br\/index.php\/wp-json\/wp\/v2\/media?parent=8"}],"curies":[{"name":"wp","href":"https:\/\/api.w.org\/{rel}","templated":true}]}}